t is the greatest common divisor of 40 and 16?
8
Calculate the greatest common factor of 261 and 3.
3
Calculate the greatest common factor of 19 and 133.
19
Calculate the greatest common factor of 22 and 286.
22
What is the greatest common divisor of 58 and 2378?
58
What is the highest common divisor of 174 and 1131?
87
Calculate the highest common divisor of 6 and 50.
2
Calculate the greatest common divisor of 153 and 17.
17
What is the highest common factor of 28147 and 7?
7
Calculate the highest common factor of 2200 and 24.
8
Calculate the greatest common factor of 2899 and 13.
13
Calculate the highest common factor of 235 and 90005.
235
Calculate the greatest common divisor of 108 and 2214.
54
Calculate the greatest common divisor of 354 and 4130.
118
Calculate the highest common divisor of 95 and 8417.
19
Calculate the greatest common divisor of 3526 and 86.
86
Calculate the highest common factor of 144 and 32.
16
What is the highest common divisor of 28 and 371?
7
Calculate the highest common factor of 15 and 145.
5
Calculate the highest common divisor of 84 and 72.
12
What is the greatest common divisor of 19 and 19?
19
Calculate the greatest common divisor of 320 and 200.
40
What is the greatest common divisor of 32 and 272?
16
Calculate the highest common divisor of 20810 and 10.
10
What is the greatest common factor of 17 and 153?
17
Calculate the greatest common factor of 24 and 224.
8
What is the greatest common divisor of 8 and 2642?
2
Calculate the highest common divisor of 126 and 210.
42
Calculate the greatest common factor of 50 and 675.
25
Calculate the highest common divisor of 38 and 266.
38
Calculate the highest common divisor of 43 and 2.
1
What is the greatest common divisor of 24 and 5592?
24
Calculate the greatest common factor of 117 and 65.
13
Calculate the greatest common divisor of 7212 and 96.
12
What is the highest common factor of 5376 and 84?
84
What is the highest common factor of 41 and 697?
41
Calculate the highest common factor of 13 and 611.
13
Calculate the greatest common divisor of 1330 and 20.
10
Calculate the greatest common factor of 164 and 35.
1
Calculate the greatest common divisor of 968 and 8.
8
Calculate the greatest common divisor of 65 and 2.
1
What is the greatest common divisor of 153 and 255?
51
Calculate the highest common factor of 664 and 83.
83
What is the greatest common factor of 80 and 25?
5
Calculate the highest common factor of 28 and 469.
7
What is the greatest common divisor of 132 and 77?
11
What is the highest common divisor of 312 and 1833?
39
What is the greatest common factor of 500 and 24800?
100
What is the highest common factor of 128 and 6?
2
What is the highest common divisor of 72 and 900?
36
Calculate the highest common divisor of 32 and 62.
2
What is the highest common divisor of 9827 and 1268?
317
Calculate the highest common factor of 39 and 6123.
39
Calculate the highest common factor of 204 and 1785.
51
What is the highest common factor of 572 and 88?
44
Calculate the greatest common factor of 10 and 5245.
5
Calculate the highest common factor of 513 and 54.
27
What is the greatest common divisor of 708 and 6?
6
Calculate the highest common divisor of 1443 and 117.
39
Calculate the greatest common divisor of 2713 and 2.
1
Calculate the highest common factor of 264 and 36.
12
What is the highest common divisor of 176 and 110?
22
Calculate the highest common divisor of 414 and 23.
23
What is the highest common divisor of 40 and 28?
4
Calculate the highest common factor of 175 and 28.
7
What is the greatest common factor of 1166 and 212?
106
Calculate the highest common divisor of 84 and 324.
12
Calculate the greatest common divisor of 27665 and 110.
55
What is the greatest common factor of 54 and 54?
54
Calculate the greatest common divisor of 3 and 669.
3
What is the greatest common divisor of 1050 and 9870?
210
Calculate the greatest common factor of 27600 and 240.
240
What is the greatest common factor of 86 and 129?
43
Calculate the highest common factor of 4 and 362.
2
What is the highest common factor of 675 and 175?
25
What is the greatest common divisor of 18 and 12?
6
Calculate the highest common divisor of 2310 and 55.
55
Calculate the greatest common divisor of 15 and 2235.
15
What is the greatest common factor of 450 and 25?
25
Calculate the greatest common divisor of 33 and 814.
11
What is the greatest common divisor of 854 and 7?
7
What is the highest common factor of 2288 and 1936?
176
Calculate the highest common factor of 660 and 7788.
132
What is the greatest common factor of 46 and 23?
23
Calculate the highest common factor of 98 and 28.
14
Calculate the greatest common factor of 266 and 112.
14
What is the highest common factor of 3585 and 1912?
239
What is the greatest common divisor of 18568 and 88?
88
Calculate the greatest common factor of 74 and 28638.
74
What is the greatest common divisor of 961 and 93?
31
Calculate the highest common factor of 2914 and 186.
62
What is the greatest common factor of 16 and 272?
16
Calculate the highest common divisor of 275 and 55.
55
Calculate the greatest common divisor of 103 and 206.
103
Calculate the greatest common divisor of 28 and 8.
4
Calculate the greatest common factor of 335 and 5.
5
What is the greatest common divisor of 1 and 5?
1
What is the greatest common factor of 2376 and 24?
24
Calculate the highest common divisor of 153 and 63.
9
What is the highest common divisor of 341 and 11?
11
Calculate the highest common divisor of 1046 and 2.
2
What is the greatest common factor of 20 and 2430?
10
Calculate the greatest common divisor of 1660 and 60.
20
Calculate the greatest common factor of 481 and 37.
37
What is the highest common divisor of 12 and 3?
3
What is the highest common factor of 116 and 87?
29
Calculate the greatest common factor of 2675 and 1391.
107
Calculate the greatest common divisor of 6 and 1.
1
What is the highest common factor of 1904 and 112?
112
What is the greatest common factor of 304 and 532?
76
Calculate the greatest common divisor of 156 and 104.
52
What is the highest common factor of 6468 and 154?
154
What is the highest common factor of 30 and 6?
6
What is the highest common factor of 216 and 24?
24
Calculate the greatest common divisor of 203 and 28.
7
Calculate the highest common divisor of 78 and 312.
78
Calculate the highest common divisor of 864 and 636.
12
Calculate the greatest common factor of 5292 and 147.
147
Calculate the highest common factor of 3420 and 108.
36
What is the highest common factor of 1503 and 18?
9
What is the highest common divisor of 88 and 2420?
44
What is the highest common divisor of 32 and 3104?
32
Calculate the highest common divisor of 324 and 24.
12
What is the greatest common divisor of 255 and 2856?
51
Calculate the greatest common factor of 3861 and 143.
143
Calculate the greatest common divisor of 3114 and 36.
18
What is the greatest common factor of 60 and 15?
15
Calculate the highest common divisor of 14 and 1568.
14
Calculate the greatest common divisor of 146 and 2336.
146
Calculate the greatest common divisor of 3870 and 18.
18
Calculate the greatest common factor of 4188 and 228.
12
Calculate the highest common factor of 3006 and 1336.
334
Calculate the greatest common factor of 10 and 670.
10
Calculate the greatest common divisor of 46 and 1058.
46
Calculate the highest common divisor of 806 and 26.
26
What is the greatest common factor of 102 and 51?
51
What is the highest common divisor of 8 and 60?
4
Calculate the greatest common factor of 24 and 48636.
12
What is the greatest common divisor of 5 and 185?
5
What is the highest common factor of 52 and 39?
13
Calculate the greatest common divisor of 242 and 418.
22
Calculate the greatest common factor of 3978 and 1428.
102
Calculate the greatest common factor of 540 and 108.
108
What is the greatest common divisor of 8 and 3?
1
Calculate the highest common divisor of 37 and 1517.
37
What is the highest common factor of 2015 and 130?
65
What is the greatest common divisor of 1940 and 100?
20
What is the highest common divisor of 2491 and 47?
47
What is the highest common divisor of 162 and 378?
54
Calculate the greatest common divisor of 87 and 3741.
87
What i